{"id":694,"date":"2025-09-08T07:25:43","date_gmt":"2025-09-08T07:25:43","guid":{"rendered":"https:\/\/www.xn--speciallgejacobhasselbalch-6ic.dk\/?page_id=694"},"modified":"2025-12-21T15:00:11","modified_gmt":"2025-12-21T15:00:11","slug":"hurtig-psykiatrisk-vurdering","status":"publish","type":"page","link":"https:\/\/www.xn--speciallgejacobhasselbalch-6ic.dk\/?page_id=694","title":{"rendered":"Hurtig psykiatrisk vurdering"},"content":{"rendered":"\t\t<div data-elementor-type=\"wp-page\" data-elementor-id=\"694\" class=\"elementor elementor-694\" data-elementor-post-type=\"page\">\n\t\t\t\t<div class=\"elementor-element elementor-element-51559c6 e-flex e-con-boxed e-con e-parent\" data-id=\"51559c6\" data-element_type=\"container\" data-e-type=\"container\">\n\t\t\t\t\t<div class=\"e-con-inner\">\n\t\t\t\t<div class=\"elementor-element elementor-element-51be340 elementor-widget elementor-widget-heading\" data-id=\"51be340\" data-element_type=\"widget\" data-e-type=\"widget\" data-widget_type=\"heading.default\">\n\t\t\t\t<div class=\"elementor-widget-container\">\n\t\t\t\t\t<h2 class=\"elementor-heading-title elementor-size-default\"><br>Hurtig psykiatrisk vurdering<\/h2>\t\t\t\t<\/div>\n\t\t\t\t<\/div>\n\t\t\t\t<div class=\"elementor-element elementor-element-6357822 elementor-widget elementor-widget-text-editor\" data-id=\"6357822\" data-element_type=\"widget\" data-e-type=\"widget\" data-widget_type=\"text-editor.default\">\n\t\t\t\t<div class=\"elementor-widget-container\">\n\t\t\t\t\t\t\t\t\t<p data-start=\"63\" data-end=\"195\"><strong data-start=\"63\" data-end=\"193\">Information til patienter med angst\/depression og praktiserende l\u00e6ger i Region H om \u00a766-aftalen \u201dHurtig psykiatrisk vurdering&#8221;:<\/strong><\/p>\n<p data-start=\"197\" data-end=\"377\">Speciall\u00e6gepraksis i Region Hovedstaden tilbyder nu hurtig tid til en konsultation hos speciall\u00e6ge i psykiatri. Her kan tages stilling til diagnose og gives anbefaling til videre behandling.&nbsp;<\/p>\n<p data-start=\"379\" data-end=\"395\"><strong data-start=\"379\" data-end=\"393\">Kriterier:<\/strong><\/p>\n<ul data-start=\"396\" data-end=\"522\">\n<li data-start=\"396\" data-end=\"442\">\n<p data-start=\"398\" data-end=\"442\">Patinter fortrinsvist med yopst\u00e5et eller forv\u00e6rret angst\/depression. Det skal s\u00e6rligt bem\u00e6rkes at der ikke kan opstartes behandling med- eller fortages dosisjustering af ADHD medicin.&nbsp;<\/p>\n<\/li>\n<li data-start=\"443\" data-end=\"473\">\n<p data-start=\"445\" data-end=\"473\">Bop\u00e6l i Region Hovedstaden<\/p>\n<\/li>\n<li data-start=\"474\" data-end=\"522\">\n<p data-start=\"476\" data-end=\"522\">Patient hos en praktiserende l\u00e6ge i Region H<\/p>\n<\/li>\n<\/ul>\n<p data-start=\"524\" data-end=\"614\">Hvis du og din l\u00e6ge vurderer, at du er omfattet af aftalen, kan l\u00e6gen booke tid hos mig:<\/p>\n<ul data-start=\"616\" data-end=\"777\">\n<li data-start=\"616\" data-end=\"659\">\n<p data-start=\"618\" data-end=\"659\"><strong data-start=\"618\" data-end=\"632\">Lige uger:<\/strong> onsdag kl. 10<\/p>\n<\/li>\n<li data-start=\"660\" data-end=\"719\">\n<p data-start=\"662\" data-end=\"719\"><strong data-start=\"662\" data-end=\"677\">Ulige uger:<\/strong> mandag kl. 13, onsdag kl. 10<\/p><\/li>\n<\/ul>\t\t\t\t\t\t\t\t<\/div>\n\t\t\t\t<\/div>\n\t\t\t\t\t<\/div>\n\t\t\t\t<\/div>\n\t\t\t\t<\/div>\n\t\t","protected":false},"excerpt":{"rendered":"<p>Hurtig psykiatrisk vurdering Information til patienter med angst\/depression og praktiserende l\u00e6ger i Region H om \u00a766-aftalen \u201dHurtig psykiatrisk vurdering&#8221;: Speciall\u00e6gepraksis i Region Hovedstaden tilbyder nu hurtig tid til en konsultation hos speciall\u00e6ge i psykiatri. Her kan tages stilling til diagnose og gives anbefaling til videre behandling.&nbsp; Kriterier: Patinter fortrinsvist med yopst\u00e5et eller forv\u00e6rret angst\/depression. Det [&hellip;]<\/p>\n","protected":false},"author":1,"featured_media":0,"parent":0,"menu_order":0,"comment_status":"closed","ping_status":"closed","template":"","meta":{"footnotes":""},"class_list":["post-694","page","type-page","status-publish","hentry"],"yoast_head":"<!-- This site is optimized with the Yoast SEO plugin v27.4 - https:\/\/yoast.com\/product\/yoast-seo-wordpress\/ -->\n<title>Hurtig psykiatrisk vurdering Speciall\u00e6ge Jacob Hasselbalch - Speciall\u00e6ge Jacob Hasselbalch<\/title>\n<meta name=\"description\" content=\"Speciall\u00e6ge i psykiatri Jacob Hasselbalch. Privatpraktiserende speciall\u00e6ge siden for\u00e5ret 2019. Jeg har tidligere bl.a. v\u00e6ret overl\u00e6ge i hospitalspsykiatrien og jeg har en bred klinisk erfaring.\" \/>\n<meta name=\"robots\" content=\"index, follow, max-snippet:-1, max-image-preview:large, max-video-preview:-1\" \/>\n<link rel=\"canonical\" href=\"https:\/\/www.xn--speciallgejacobhasselbalch-6ic.dk\/?page_id=694\" \/>\n<meta property=\"og:locale\" content=\"da_DK\" \/>\n<meta property=\"og:type\" content=\"article\" \/>\n<meta property=\"og:title\" content=\"Hurtig psykiatrisk vurdering Speciall\u00e6ge Jacob Hasselbalch - Speciall\u00e6ge Jacob Hasselbalch\" \/>\n<meta property=\"og:description\" content=\"Speciall\u00e6ge i psykiatri Jacob Hasselbalch. Privatpraktiserende speciall\u00e6ge siden for\u00e5ret 2019. Jeg har tidligere bl.a. v\u00e6ret overl\u00e6ge i hospitalspsykiatrien og jeg har en bred klinisk erfaring.\" \/>\n<meta property=\"og:url\" content=\"https:\/\/www.xn--speciallgejacobhasselbalch-6ic.dk\/?page_id=694\" \/>\n<meta property=\"og:site_name\" content=\"Speciall\u00e6ge Jacob Hasselbalch\" \/>\n<meta property=\"article:modified_time\" content=\"2025-12-21T15:00:11+00:00\" \/>\n<meta name=\"twitter:card\" content=\"summary_large_image\" \/>\n<meta name=\"twitter:label1\" content=\"Estimeret l\u00e6setid\" \/>\n\t<meta name=\"twitter:data1\" content=\"1 minut\" \/>\n<script type=\"application\/ld+json\" class=\"yoast-schema-graph\">{\"@context\":\"https:\\\/\\\/schema.org\",\"@graph\":[{\"@type\":\"WebPage\",\"@id\":\"https:\\\/\\\/www.xn--speciallgejacobhasselbalch-6ic.dk\\\/?page_id=694\",\"url\":\"https:\\\/\\\/www.xn--speciallgejacobhasselbalch-6ic.dk\\\/?page_id=694\",\"name\":\"Hurtig psykiatrisk vurdering Speciall\u00e6ge Jacob Hasselbalch - Speciall\u00e6ge Jacob Hasselbalch\",\"isPartOf\":{\"@id\":\"https:\\\/\\\/www.xn--speciallgejacobhasselbalch-6ic.dk\\\/#website\"},\"datePublished\":\"2025-09-08T07:25:43+00:00\",\"dateModified\":\"2025-12-21T15:00:11+00:00\",\"description\":\"Speciall\u00e6ge i psykiatri Jacob Hasselbalch. Privatpraktiserende speciall\u00e6ge siden for\u00e5ret 2019. Jeg har tidligere bl.a. v\u00e6ret overl\u00e6ge i hospitalspsykiatrien og jeg har en bred klinisk erfaring.\",\"breadcrumb\":{\"@id\":\"https:\\\/\\\/www.xn--speciallgejacobhasselbalch-6ic.dk\\\/?page_id=694#breadcrumb\"},\"inLanguage\":\"da-DK\",\"potentialAction\":[{\"@type\":\"ReadAction\",\"target\":[\"https:\\\/\\\/www.xn--speciallgejacobhasselbalch-6ic.dk\\\/?page_id=694\"]}]},{\"@type\":\"BreadcrumbList\",\"@id\":\"https:\\\/\\\/www.xn--speciallgejacobhasselbalch-6ic.dk\\\/?page_id=694#breadcrumb\",\"itemListElement\":[{\"@type\":\"ListItem\",\"position\":1,\"name\":\"Hjem\",\"item\":\"https:\\\/\\\/www.xn--speciallgejacobhasselbalch-6ic.dk\\\/\"},{\"@type\":\"ListItem\",\"position\":2,\"name\":\"Hurtig psykiatrisk vurdering\"}]},{\"@type\":\"WebSite\",\"@id\":\"https:\\\/\\\/www.xn--speciallgejacobhasselbalch-6ic.dk\\\/#website\",\"url\":\"https:\\\/\\\/www.xn--speciallgejacobhasselbalch-6ic.dk\\\/\",\"name\":\"Speciall\u00e6geJacobHasselbalch.dk\",\"description\":\"Speciall\u00e6ge i psykiatri\",\"potentialAction\":[{\"@type\":\"SearchAction\",\"target\":{\"@type\":\"EntryPoint\",\"urlTemplate\":\"https:\\\/\\\/www.xn--speciallgejacobhasselbalch-6ic.dk\\\/?s={search_term_string}\"},\"query-input\":{\"@type\":\"PropertyValueSpecification\",\"valueRequired\":true,\"valueName\":\"search_term_string\"}}],\"inLanguage\":\"da-DK\"}]}<\/script>\n<!-- \/ Yoast SEO plugin. -->","yoast_head_json":{"title":"Hurtig psykiatrisk vurdering Speciall\u00e6ge Jacob Hasselbalch - Speciall\u00e6ge Jacob Hasselbalch","description":"Speciall\u00e6ge i psykiatri Jacob Hasselbalch. Privatpraktiserende speciall\u00e6ge siden for\u00e5ret 2019. Jeg har tidligere bl.a. v\u00e6ret overl\u00e6ge i hospitalspsykiatrien og jeg har en bred klinisk erfaring.","robots":{"index":"index","follow":"follow","max-snippet":"max-snippet:-1","max-image-preview":"max-image-preview:large","max-video-preview":"max-video-preview:-1"},"canonical":"https:\/\/www.xn--speciallgejacobhasselbalch-6ic.dk\/?page_id=694","og_locale":"da_DK","og_type":"article","og_title":"Hurtig psykiatrisk vurdering Speciall\u00e6ge Jacob Hasselbalch - Speciall\u00e6ge Jacob Hasselbalch","og_description":"Speciall\u00e6ge i psykiatri Jacob Hasselbalch. Privatpraktiserende speciall\u00e6ge siden for\u00e5ret 2019. Jeg har tidligere bl.a. v\u00e6ret overl\u00e6ge i hospitalspsykiatrien og jeg har en bred klinisk erfaring.","og_url":"https:\/\/www.xn--speciallgejacobhasselbalch-6ic.dk\/?page_id=694","og_site_name":"Speciall\u00e6ge Jacob Hasselbalch","article_modified_time":"2025-12-21T15:00:11+00:00","twitter_card":"summary_large_image","twitter_misc":{"Estimeret l\u00e6setid":"1 minut"},"schema":{"@context":"https:\/\/schema.org","@graph":[{"@type":"WebPage","@id":"https:\/\/www.xn--speciallgejacobhasselbalch-6ic.dk\/?page_id=694","url":"https:\/\/www.xn--speciallgejacobhasselbalch-6ic.dk\/?page_id=694","name":"Hurtig psykiatrisk vurdering Speciall\u00e6ge Jacob Hasselbalch - Speciall\u00e6ge Jacob Hasselbalch","isPartOf":{"@id":"https:\/\/www.xn--speciallgejacobhasselbalch-6ic.dk\/#website"},"datePublished":"2025-09-08T07:25:43+00:00","dateModified":"2025-12-21T15:00:11+00:00","description":"Speciall\u00e6ge i psykiatri Jacob Hasselbalch. Privatpraktiserende speciall\u00e6ge siden for\u00e5ret 2019. Jeg har tidligere bl.a. v\u00e6ret overl\u00e6ge i hospitalspsykiatrien og jeg har en bred klinisk erfaring.","breadcrumb":{"@id":"https:\/\/www.xn--speciallgejacobhasselbalch-6ic.dk\/?page_id=694#breadcrumb"},"inLanguage":"da-DK","potentialAction":[{"@type":"ReadAction","target":["https:\/\/www.xn--speciallgejacobhasselbalch-6ic.dk\/?page_id=694"]}]},{"@type":"BreadcrumbList","@id":"https:\/\/www.xn--speciallgejacobhasselbalch-6ic.dk\/?page_id=694#breadcrumb","itemListElement":[{"@type":"ListItem","position":1,"name":"Hjem","item":"https:\/\/www.xn--speciallgejacobhasselbalch-6ic.dk\/"},{"@type":"ListItem","position":2,"name":"Hurtig psykiatrisk vurdering"}]},{"@type":"WebSite","@id":"https:\/\/www.xn--speciallgejacobhasselbalch-6ic.dk\/#website","url":"https:\/\/www.xn--speciallgejacobhasselbalch-6ic.dk\/","name":"Speciall\u00e6geJacobHasselbalch.dk","description":"Speciall\u00e6ge i psykiatri","potentialAction":[{"@type":"SearchAction","target":{"@type":"EntryPoint","urlTemplate":"https:\/\/www.xn--speciallgejacobhasselbalch-6ic.dk\/?s={search_term_string}"},"query-input":{"@type":"PropertyValueSpecification","valueRequired":true,"valueName":"search_term_string"}}],"inLanguage":"da-DK"}]}},"_links":{"self":[{"href":"https:\/\/www.xn--speciallgejacobhasselbalch-6ic.dk\/index.php?rest_route=\/wp\/v2\/pages\/694","targetHints":{"allow":["GET"]}}],"collection":[{"href":"https:\/\/www.xn--speciallgejacobhasselbalch-6ic.dk\/index.php?rest_route=\/wp\/v2\/pages"}],"about":[{"href":"https:\/\/www.xn--speciallgejacobhasselbalch-6ic.dk\/index.php?rest_route=\/wp\/v2\/types\/page"}],"author":[{"embeddable":true,"href":"https:\/\/www.xn--speciallgejacobhasselbalch-6ic.dk\/index.php?rest_route=\/wp\/v2\/users\/1"}],"replies":[{"embeddable":true,"href":"https:\/\/www.xn--speciallgejacobhasselbalch-6ic.dk\/index.php?rest_route=%2Fwp%2Fv2%2Fcomments&post=694"}],"version-history":[{"count":25,"href":"https:\/\/www.xn--speciallgejacobhasselbalch-6ic.dk\/index.php?rest_route=\/wp\/v2\/pages\/694\/revisions"}],"predecessor-version":[{"id":780,"href":"https:\/\/www.xn--speciallgejacobhasselbalch-6ic.dk\/index.php?rest_route=\/wp\/v2\/pages\/694\/revisions\/780"}],"wp:attachment":[{"href":"https:\/\/www.xn--speciallgejacobhasselbalch-6ic.dk\/index.php?rest_route=%2Fwp%2Fv2%2Fmedia&parent=694"}],"curies":[{"name":"wp","href":"https:\/\/api.w.org\/{rel}","templated":true}]}}

<div data-elementor-type="wp-page" data-elementor-id="694" class="elementor elementor-694" data-elementor-post-type="page">
				<div class="elementor-element elementor-element-51559c6 e-flex e-con-boxed e-con e-parent" data-id="51559c6" data-element_type="container" data-e-type="container">
					<div class="e-con-inner">
				<div class="elementor-element elementor-element-51be340 elementor-widget elementor-widget-heading" data-id="51be340" data-element_type="widget" data-e-type="widget" data-widget_type="heading.default">
				<div class="elementor-widget-container">
					<h2 class="elementor-heading-title elementor-size-default"><br>Hurtig psykiatrisk vurdering</h2>				</div>
				</div>
				<div class="elementor-element elementor-element-6357822 elementor-widget elementor-widget-text-editor" data-id="6357822" data-element_type="widget" data-e-type="widget" data-widget_type="text-editor.default">
				<div class="elementor-widget-container">
									<p data-start="63" data-end="195"><strong data-start="63" data-end="193">Information til patienter med angst/depression og praktiserende læger i Region H om §66-aftalen ”Hurtig psykiatrisk vurdering&#8221;:</strong></p>
<p data-start="197" data-end="377">Speciallægepraksis i Region Hovedstaden tilbyder nu hurtig tid til en konsultation hos speciallæge i psykiatri. Her kan tages stilling til diagnose og gives anbefaling til videre behandling.&nbsp;</p>
<p data-start="379" data-end="395"><strong data-start="379" data-end="393">Kriterier:</strong></p>
<ul data-start="396" data-end="522">
<li data-start="396" data-end="442">
<p data-start="398" data-end="442">Patinter fortrinsvist med yopstået eller forværret angst/depression. Det skal særligt bemærkes at der ikke kan opstartes behandling med- eller fortages dosisjustering af ADHD medicin.&nbsp;</p>
</li>
<li data-start="443" data-end="473">
<p data-start="445" data-end="473">Bopæl i Region Hovedstaden</p>
</li>
<li data-start="474" data-end="522">
<p data-start="476" data-end="522">Patient hos en praktiserende læge i Region H</p>
</li>
</ul>
<p data-start="524" data-end="614">Hvis du og din læge vurderer, at du er omfattet af aftalen, kan lægen booke tid hos mig:</p>
<ul data-start="616" data-end="777">
<li data-start="616" data-end="659">
<p data-start="618" data-end="659"><strong data-start="618" data-end="632">Lige uger:</strong> onsdag kl. 10</p>
</li>
<li data-start="660" data-end="719">
<p data-start="662" data-end="719"><strong data-start="662" data-end="677">Ulige uger:</strong> mandag kl. 13, onsdag kl. 10</p></li>
</ul>								</div>
				</div>
					</div>
				</div>
				</div>

<p>Hurtig psykiatrisk vurdering Information til patienter med angst/depression og praktiserende læger i Region H om §66-aftalen ”Hurtig psykiatrisk vurdering&#8221;: Speciallægepraksis i Region Hovedstaden tilbyder nu hurtig tid til en konsultation hos speciallæge i psykiatri. Her kan tages stilling til diagnose og gives anbefaling til videre behandling.&nbsp; Kriterier: Patinter fortrinsvist med yopstået eller forværret angst/depression. Det [&hellip;]</p>

<!-- This site is optimized with the Yoast SEO plugin v27.4 - https://yoast.com/product/yoast-seo-wordpress/ -->
<title>Hurtig psykiatrisk vurdering Speciallæge Jacob Hasselbalch - Speciallæge Jacob Hasselbalch</title>
<meta name="description" content="Speciallæge i psykiatri Jacob Hasselbalch. Privatpraktiserende speciallæge siden foråret 2019. Jeg har tidligere bl.a. været overlæge i hospitalspsykiatrien og jeg har en bred klinisk erfaring." />
<meta name="robots" content="index, follow, max-snippet:-1, max-image-preview:large, max-video-preview:-1" />
<link rel="canonical" href="https://www.xn--speciallgejacobhasselbalch-6ic.dk/?page_id=694" />
<meta property="og:locale" content="da_DK" />
<meta property="og:type" content="article" />
<meta property="og:title" content="Hurtig psykiatrisk vurdering Speciallæge Jacob Hasselbalch - Speciallæge Jacob Hasselbalch" />
<meta property="og:description" content="Speciallæge i psykiatri Jacob Hasselbalch. Privatpraktiserende speciallæge siden foråret 2019. Jeg har tidligere bl.a. været overlæge i hospitalspsykiatrien og jeg har en bred klinisk erfaring." />
<meta property="og:url" content="https://www.xn--speciallgejacobhasselbalch-6ic.dk/?page_id=694" />
<meta property="og:site_name" content="Speciallæge Jacob Hasselbalch" />
<meta property="article:modified_time" content="2025-12-21T15:00:11+00:00" />
<meta name="twitter:card" content="summary_large_image" />
<meta name="twitter:label1" content="Estimeret læsetid" />
	<meta name="twitter:data1" content="1 minut" />
<script type="application/ld+json" class="yoast-schema-graph">{"@context":"https:\/\/schema.org","@graph":[{"@type":"WebPage","@id":"https:\/\/www.xn--speciallgejacobhasselbalch-6ic.dk\/?page_id=694","url":"https:\/\/www.xn--speciallgejacobhasselbalch-6ic.dk\/?page_id=694","name":"Hurtig psykiatrisk vurdering Speciallæge Jacob Hasselbalch - Speciallæge Jacob Hasselbalch","isPartOf":{"@id":"https:\/\/www.xn--speciallgejacobhasselbalch-6ic.dk\/#website"},"datePublished":"2025-09-08T07:25:43+00:00","dateModified":"2025-12-21T15:00:11+00:00","description":"Speciallæge i psykiatri Jacob Hasselbalch. Privatpraktiserende speciallæge siden foråret 2019. Jeg har tidligere bl.a. været overlæge i hospitalspsykiatrien og jeg har en bred klinisk erfaring.","breadcrumb":{"@id":"https:\/\/www.xn--speciallgejacobhasselbalch-6ic.dk\/?page_id=694#breadcrumb"},"inLanguage":"da-DK","potentialAction":[{"@type":"ReadAction","target":["https:\/\/www.xn--speciallgejacobhasselbalch-6ic.dk\/?page_id=694"]}]},{"@type":"BreadcrumbList","@id":"https:\/\/www.xn--speciallgejacobhasselbalch-6ic.dk\/?page_id=694#breadcrumb","itemListElement":[{"@type":"ListItem","position":1,"name":"Hjem","item":"https:\/\/www.xn--speciallgejacobhasselbalch-6ic.dk\/"},{"@type":"ListItem","position":2,"name":"Hurtig psykiatrisk vurdering"}]},{"@type":"WebSite","@id":"https:\/\/www.xn--speciallgejacobhasselbalch-6ic.dk\/#website","url":"https:\/\/www.xn--speciallgejacobhasselbalch-6ic.dk\/","name":"SpeciallægeJacobHasselbalch.dk","description":"Speciallæge i psykiatri","potentialAction":[{"@type":"SearchAction","target":{"@type":"EntryPoint","urlTemplate":"https:\/\/www.xn--speciallgejacobhasselbalch-6ic.dk\/?s={search_term_string}"},"query-input":{"@type":"PropertyValueSpecification","valueRequired":true,"valueName":"search_term_string"}}],"inLanguage":"da-DK"}]}</script>
<!-- / Yoast SEO plugin. -->

Hurtig psykiatrisk vurdering Speciallæge Jacob Hasselbalch - Speciallæge Jacob Hasselbalch

Speciallæge i psykiatri Jacob Hasselbalch. Privatpraktiserende speciallæge siden foråret 2019. Jeg har tidligere bl.a. været overlæge i hospitalspsykiatrien og jeg har en bred klinisk erfaring.

Speciallæge Jacob Hasselbalch

SpeciallægeJacobHasselbalch.dk

Speciallæge i psykiatri
